
	
{"id":4643,"date":"2023-11-02T06:06:38","date_gmt":"2023-11-02T06:06:38","guid":{"rendered":"https:\/\/prague.foxthemes.me\/elementor\/?page_id=4643"},"modified":"2025-08-13T12:03:24","modified_gmt":"2025-08-13T12:03:24","slug":"hakkimizda","status":"publish","type":"page","link":"https:\/\/www.ugurcaninsaat.com\/index.php\/hakkimizda\/","title":{"rendered":"HAKKIMIZDA"},"content":{"rendered":"\t\t<div data-elementor-type=\"wp-page\" data-elementor-id=\"4643\" class=\"elementor elementor-4643\">\n\t\t\t\t<div class=\"elementor-element elementor-element-7c7472d e-con-full e-flex e-con e-parent\" data-id=\"7c7472d\" data-element_type=\"container\" data-settings=\"{&quot;background_background&quot;:&quot;gradient&quot;}\">\n\t\t<div class=\"elementor-element elementor-element-f955b0e e-con-full e-flex e-con e-child\" data-id=\"f955b0e\" data-element_type=\"container\" data-settings=\"{&quot;background_background&quot;:&quot;classic&quot;}\">\n\t\t<div class=\"elementor-element elementor-element-c75e93f e-con-full e-flex e-con e-child\" data-id=\"c75e93f\" data-element_type=\"container\" data-settings=\"{&quot;background_background&quot;:&quot;gradient&quot;}\">\n\t\t\t\t<\/div>\n\t\t\t\t<div class=\"elementor-element elementor-element-be6c550 elementor-widget elementor-widget-banner-title\" data-id=\"be6c550\" data-element_type=\"widget\" data-widget_type=\"banner-title.default\">\n\t\t\t\t<div class=\"elementor-widget-container\">\n\t\t\t\t\t\t\t<section class=\"container-fluid top-banner no-padd  big fullheight light\">\t\t\t\t<span class=\"overlay\"><\/span>\n\t\t\t\t\t\t<div class=\"content\">\n\t\t\t\t<div class=\"prague-svg-animation-text\">\n\t\t\t\t\t\t\t\t\t<\/div>\n\t\t\t\t\t\t\t\t<h1 class=\"title\">Hakk\u0131m\u0131zda<\/h1>\t\t\t\t\t\t\t\t\t\t\t<\/div>\n\t\t\t<div class=\"top-banner-cursor\"><\/div>\n\t\t<\/section>\n\t\t\t\t\t\t<\/div>\n\t\t\t\t<\/div>\n\t\t\t\t<\/div>\n\t\t\t\t<\/div>\n\t\t<div class=\"elementor-element elementor-element-a93dfa5 e-con-full e-flex e-con e-parent\" data-id=\"a93dfa5\" data-element_type=\"container\">\n\t\t\t\t<div class=\"elementor-element elementor-element-1557bcc elementor-widget elementor-widget-text-editor\" data-id=\"1557bcc\" data-element_type=\"widget\" data-widget_type=\"text-editor.default\">\n\t\t\t\t<div class=\"elementor-widget-container\">\n\t\t\t\t\t\t\t\t\t<h6 style=\"text-align: center;\">\u00a0<\/h6><h3 style=\"text-align: center;\">HAKKIMIZDA<\/h3>\t\t\t\t\t\t\t\t<\/div>\n\t\t\t\t<\/div>\n\t\t\t\t<\/div>\n\t\t<div class=\"elementor-element elementor-element-01d1f79 e-flex e-con-boxed e-con e-parent\" data-id=\"01d1f79\" data-element_type=\"container\">\n\t\t\t\t\t<div class=\"e-con-inner\">\n\t\t\t\t<div class=\"elementor-element elementor-element-69f7f96 elementor-widget elementor-widget-text-editor\" data-id=\"69f7f96\" data-element_type=\"widget\" data-widget_type=\"text-editor.default\">\n\t\t\t\t<div class=\"elementor-widget-container\">\n\t\t\t\t\t\t\t\t\t<p>1991 y\u0131l\u0131nda in\u015faat sekt\u00f6r\u00fcnde faaliyet g\u00f6stermeye ba\u015flayan firmam\u0131z, m\u00fc\u015fterilerinin beklentileri do\u011frultusunda hayata ge\u00e7irdi\u011fi bir\u00e7ok proje ile modern ya\u015fam alanlar\u0131 in\u015fa etmektedir. \u0130n\u015faat sekt\u00f6r\u00fcnde 28 y\u0131ldan bu yana faaliyet g\u00f6steren firmam\u0131z bir\u00e7ok konut ve i\u015fyeri in\u015fa etmi\u015ftir. \u0130n\u015faat tecr\u00fcbesi ve dinamik yap\u0131s\u0131yla in\u015faat sekt\u00f6r\u00fcne yenilikler getirerek, g\u00fcn\u00fcn modas\u0131n\u0131 de\u011fil; gelece\u011fin do\u011frular\u0131n\u0131 g\u00f6z \u00f6n\u00fcne alarak \u00e7a\u011fda\u015f mimari yap\u0131lar \u00fczerinde \u00e7al\u0131\u015f\u0131r. Firmam\u0131z; t\u00fcm \u00e7al\u0131\u015fanlar\u0131 ile kenetlenmi\u015f bir aile anlay\u0131\u015f\u0131 i\u00e7inde g\u00fcvenilir ve d\u00fcr\u00fcst hizmet yakla\u015f\u0131m\u0131ndan taviz vermeden, b\u00fcy\u00fcmesini istikrarl\u0131 bir \u015fekilde s\u00fcrd\u00fcrmektedir. Hedefimiz; geli\u015fmekte olan \u00fclkemizin lokomotifi durumundaki in\u015faat sekt\u00f6r\u00fcnde profesyonel, kaliteli ve g\u00fcvenli yap\u0131lara U\u011furcan \u0130n\u015faat imzas\u0131 atmakt\u0131r.<\/p>\t\t\t\t\t\t\t\t<\/div>\n\t\t\t\t<\/div>\n\t\t\t\t\t<\/div>\n\t\t\t\t<\/div>\n\t\t<div class=\"elementor-element elementor-element-d0b7e86 e-flex e-con-boxed e-con e-parent\" data-id=\"d0b7e86\" data-element_type=\"container\">\n\t\t\t\t\t<div class=\"e-con-inner\">\n\t\t\t\t<div class=\"elementor-element elementor-element-15e8263 elementor-widget elementor-widget-text-editor\" data-id=\"15e8263\" data-element_type=\"widget\" data-widget_type=\"text-editor.default\">\n\t\t\t\t<div class=\"elementor-widget-container\">\n\t\t\t\t\t\t\t\t\t<h6 style=\"text-align: center;\">\u00a0<\/h6><h3 style=\"text-align: center;\">M\u0130SYONUMUZ ve V\u0130ZYONUMUZ<\/h3>\t\t\t\t\t\t\t\t<\/div>\n\t\t\t\t<\/div>\n\t\t\t\t\t<\/div>\n\t\t\t\t<\/div>\n\t\t<div class=\"elementor-element elementor-element-70e2617 e-flex e-con-boxed e-con e-parent\" data-id=\"70e2617\" data-element_type=\"container\">\n\t\t\t\t\t<div class=\"e-con-inner\">\n\t\t\t\t<div class=\"elementor-element elementor-element-66a3cef elementor-widget elementor-widget-text-editor\" data-id=\"66a3cef\" data-element_type=\"widget\" data-widget_type=\"text-editor.default\">\n\t\t\t\t<div class=\"elementor-widget-container\">\n\t\t\t\t\t\t\t\t\t<p>\u00a0<\/p><p>U\u011furcan \u0130n\u015faat, in\u015faat sekt\u00f6r\u00fcnde insan\u0131 ve ya\u015fam\u0131 merkezine al\u0131r. Benimsedi\u011fi art\u0131 de\u011ferci yakla\u015f\u0131m\u0131 do\u011frultusunda, var olan kaynaklar\u0131 koruyarak geli\u015ftirmeyi ve ya\u015fam kalitesini art\u0131rmay\u0131\u00a0 ilke edinir.<br \/><br \/>\u00a0<\/p><p>\u00a0U\u011furcan \u0130n\u015faat, ilerleyen d\u00f6nemde de\u00a028\u00a0 y\u0131ll\u0131k varolu\u015f s\u00fcrecinde oldu\u011fu \u00fczere de ayn\u0131 kalite ve de\u011fer odakl\u0131 ilke ve prensipler dahilinde, sekt\u00f6rde dinamik ilerleyi\u015fini s\u00fcrd\u00fcrerek \u00f6nc\u00fc rol\u00fcn\u00fc devam ettirecektir. Ge\u00e7mi\u015ften ald\u0131\u011f\u0131m\u0131z g\u00fc\u00e7le gelece\u011fe y\u00fcr\u00fcyoruz.<\/p>\t\t\t\t\t\t\t\t<\/div>\n\t\t\t\t<\/div>\n\t\t\t\t\t<\/div>\n\t\t\t\t<\/div>\n\t\t<div class=\"elementor-element elementor-element-d7f901b e-flex e-con-boxed e-con e-parent\" data-id=\"d7f901b\" data-element_type=\"container\">\n\t\t\t\t\t<div class=\"e-con-inner\">\n\t\t\t\t<div class=\"elementor-element elementor-element-8cf2c79 elementor-widget elementor-widget-text-editor\" data-id=\"8cf2c79\" data-element_type=\"widget\" data-widget_type=\"text-editor.default\">\n\t\t\t\t<div class=\"elementor-widget-container\">\n\t\t\t\t\t\t\t\t\t<p>\u00a0Firmam\u0131z, Antalya i\u00e7in konforlu ve g\u00fcvenli ya\u015fam alanlar\u0131 olu\u015ftururken; \u00e7al\u0131\u015fma faaliyetlerinin her alan\u0131nda ve her d\u00f6neminde geli\u015fim, verimlilik, m\u00fc\u015fteri odakl\u0131l\u0131k gibi de\u011ferleri \u015firket k\u00fclt\u00fcr\u00fc olarak benimsemeyi esas almaktad\u0131r. Temelde ba\u015far\u0131s\u0131n\u0131n s\u0131rr\u0131n\u0131n bu de\u011ferleri y\u00f6netmekten ge\u00e7ti\u011finin bilinciyle hizmetlerini s\u00fcrd\u00fcrmektedir.<\/p><p>\u00a0<\/p><p>U\u011furcan \u0130n\u015faat, birlikte \u00e7al\u0131\u015ft\u0131\u011f\u0131 m\u00fc\u015fterilere ve i\u015f ortaklar\u0131na projeleriyle daima kazand\u0131rmak, ger\u00e7ekle\u015ftirdiklerini korumak, yeniden \u00fcreteceklerini birlikte olu\u015fturmak ve geli\u015ftirmek \u00fczere olu\u015fturdu\u011fu sistem anlay\u0131\u015f\u0131yla toplumumuza de\u011fer katman\u0131n da hakl\u0131 gururunu ya\u015famaktad\u0131r.<\/p>\t\t\t\t\t\t\t\t<\/div>\n\t\t\t\t<\/div>\n\t\t\t\t\t<\/div>\n\t\t\t\t<\/div>\n\t\t<div class=\"elementor-element elementor-element-bad26b6 e-flex e-con-boxed e-con e-parent\" data-id=\"bad26b6\" data-element_type=\"container\">\n\t\t\t\t\t<div class=\"e-con-inner\">\n\t\t\t\t<div class=\"elementor-element elementor-element-c7fe5eb elementor-widget elementor-widget-text-editor\" data-id=\"c7fe5eb\" data-element_type=\"widget\" data-widget_type=\"text-editor.default\">\n\t\t\t\t<div class=\"elementor-widget-container\">\n\t\t\t\t\t\t\t\t\t<h3 style=\"text-align: center;\">YILLARIN TECR\u00dcBES\u0130 \u0130LE&#8230;<\/h3>\t\t\t\t\t\t\t\t<\/div>\n\t\t\t\t<\/div>\n\t\t\t\t\t<\/div>\n\t\t\t\t<\/div>\n\t\t<div class=\"elementor-element elementor-element-0b2e87d e-flex e-con-boxed e-con e-parent\" data-id=\"0b2e87d\" data-element_type=\"container\">\n\t\t\t\t\t<div class=\"e-con-inner\">\n\t\t\t\t<div class=\"elementor-element elementor-element-8509173 elementor-widget elementor-widget-text-editor\" data-id=\"8509173\" data-element_type=\"widget\" data-widget_type=\"text-editor.default\">\n\t\t\t\t<div class=\"elementor-widget-container\">\n\t\t\t\t\t\t\t\t\t<p data-start=\"544\" data-end=\"758\">U\u011furcan \u0130n\u015faat, kuruldu\u011fu g\u00fcnden bu yana hayata de\u011fer katan projelere imza atmaktad\u0131r. Amac\u0131m\u0131z sadece bina in\u015fa etmek de\u011fil; insanlara huzurla ya\u015fayacaklar\u0131, g\u00fcvenle yar\u0131nlara bakacaklar\u0131 ya\u015fam alanlar\u0131 sunmakt\u0131r.<\/p><p data-start=\"760\" data-end=\"1062\">Her bir projemizi; m\u00fchendislik hassasiyeti, estetik anlay\u0131\u015f\u0131 ve i\u015flevsellik temelinde tasarl\u0131yor, modern mimariyi sa\u011flam yap\u0131larla bulu\u015fturuyoruz. M\u00fc\u015fterilerimizin beklentilerini iyi analiz ederek, ihtiya\u00e7lar\u0131na uygun \u00e7\u00f6z\u00fcmler \u00fcretiyor, in\u015faat\u0131n her a\u015famas\u0131nda kalite ve \u015feffafl\u0131\u011f\u0131 \u00f6n planda tutuyoruz.<\/p><p data-start=\"1064\" data-end=\"1086\">U\u011furcan \u0130n\u015faat olarak;<\/p><ul data-start=\"1087\" data-end=\"1242\"><li data-start=\"1087\" data-end=\"1121\"><p data-start=\"1089\" data-end=\"1121\"><strong data-start=\"1089\" data-end=\"1121\">G\u00fcvenilir projeler \u00fcretiriz.<\/strong><\/p><\/li><li data-start=\"1122\" data-end=\"1173\"><p data-start=\"1124\" data-end=\"1173\"><strong data-start=\"1124\" data-end=\"1173\">Zaman\u0131nda ve kaliteli teslimata \u00f6nem veririz.<\/strong><\/p><\/li><li data-start=\"1174\" data-end=\"1242\"><p data-start=\"1176\" data-end=\"1242\"><strong data-start=\"1176\" data-end=\"1242\">Ya\u015fam alanlar\u0131n\u0131 birer hayal de\u011fil, ger\u00e7ek k\u0131lmay\u0131 hedefleriz.<\/strong><\/p><\/li><\/ul><p data-start=\"1244\" data-end=\"1373\">Bug\u00fcne kadar oldu\u011fu gibi bundan sonra da, kent dokusuna de\u011fer katan, do\u011faya ve insana sayg\u0131l\u0131 yap\u0131lar in\u015fa etmeye devam edece\u011fiz.<\/p><p data-start=\"1375\" data-end=\"1439\"><strong data-start=\"1375\" data-end=\"1439\">U\u011furcan \u0130n\u015faat \u2013 Gelece\u011finizi Sa\u011flam Temeller \u00dczerine Kurun.<\/strong><\/p>\t\t\t\t\t\t\t\t<\/div>\n\t\t\t\t<\/div>\n\t\t\t\t\t<\/div>\n\t\t\t\t<\/div>\n\t\t<div class=\"elementor-element elementor-element-0001ec9 e-flex e-con-boxed e-con e-parent\" data-id=\"0001ec9\" data-element_type=\"container\">\n\t\t\t\t\t<div class=\"e-con-inner\">\n\t\t\t\t<div class=\"elementor-element elementor-element-a2297a8 elementor-widget elementor-widget-video\" data-id=\"a2297a8\" data-element_type=\"widget\" data-settings=\"{&quot;youtube_url&quot;:&quot;https:\\\/\\\/youtu.be\\\/_MIEc7l_mw8&quot;,&quot;video_type&quot;:&quot;youtube&quot;,&quot;controls&quot;:&quot;yes&quot;}\" data-widget_type=\"video.default\">\n\t\t\t\t<div class=\"elementor-widget-container\">\n\t\t\t\t\t\t\t<div class=\"elementor-wrapper elementor-open-inline\">\n\t\t\t<div class=\"elementor-video\"><\/div>\t\t<\/div>\n\t\t\t\t\t\t<\/div>\n\t\t\t\t<\/div>\n\t\t\t\t\t<\/div>\n\t\t\t\t<\/div>\n\t\t\t\t<\/div>\n\t\t","protected":false},"excerpt":{"rendered":"<p>\u00a0 HAKKIMIZDA 1991 y\u0131l\u0131nda in\u015faat sekt\u00f6r\u00fcnde faaliyet g\u00f6stermeye ba\u015flayan firmam\u0131z, m\u00fc\u015fterilerinin beklentileri do\u011frultusunda hayata ge\u00e7irdi\u011fi bir\u00e7ok proje ile modern ya\u015fam<\/p>\n","protected":false},"author":1,"featured_media":0,"parent":0,"menu_order":0,"comment_status":"closed","ping_status":"closed","template":"elementor_header_footer","meta":{"footnotes":""},"class_list":["post-4643","page","type-page","status-publish","hentry"],"featured_image_src":"","featured_image_src_square":"","_links":{"self":[{"href":"https:\/\/www.ugurcaninsaat.com\/index.php\/wp-json\/wp\/v2\/pages\/4643","targetHints":{"allow":["GET"]}}],"collection":[{"href":"https:\/\/www.ugurcaninsaat.com\/index.php\/wp-json\/wp\/v2\/pages"}],"about":[{"href":"https:\/\/www.ugurcaninsaat.com\/index.php\/wp-json\/wp\/v2\/types\/page"}],"author":[{"embeddable":true,"href":"https:\/\/www.ugurcaninsaat.com\/index.php\/wp-json\/wp\/v2\/users\/1"}],"replies":[{"embeddable":true,"href":"https:\/\/www.ugurcaninsaat.com\/index.php\/wp-json\/wp\/v2\/comments?post=4643"}],"version-history":[{"count":102,"href":"https:\/\/www.ugurcaninsaat.com\/index.php\/wp-json\/wp\/v2\/pages\/4643\/revisions"}],"predecessor-version":[{"id":6380,"href":"https:\/\/www.ugurcaninsaat.com\/index.php\/wp-json\/wp\/v2\/pages\/4643\/revisions\/6380"}],"wp:attachment":[{"href":"https:\/\/www.ugurcaninsaat.com\/index.php\/wp-json\/wp\/v2\/media?parent=4643"}],"curies":[{"name":"wp","href":"https:\/\/api.w.org\/{rel}","templated":true}]}}